{"id":6456,"date":"2019-04-23T13:11:16","date_gmt":"2019-04-23T13:11:16","guid":{"rendered":"http:\/\/factory-project.de\/?page_id=6456"},"modified":"2019-04-23T13:11:16","modified_gmt":"2019-04-23T13:11:16","slug":"datenschutz","status":"publish","type":"page","link":"https:\/\/factoryconcept.de\/?page_id=6456","title":{"rendered":"Datenschutz"},"content":{"rendered":"[vc_row type=&#8220;in_container&#8220; full_screen_row_position=&#8220;middle&#8220; bg_color=&#8220;#158993&#8243; scene_position=&#8220;center&#8220; text_color=&#8220;dark&#8220; text_align=&#8220;left&#8220; top_padding=&#8220;8%&#8220; bottom_padding=&#8220;370&#8243; enable_gradient=&#8220;true&#8220; color_overlay=&#8220;#158993&#8243; color_overlay_2=&#8220;#757882&#8243; gradient_direction=&#8220;left_to_right&#8220; overlay_strength=&#8220;0.5&#8243; enable_shape_divider=&#8220;true&#8220; shape_divider_position=&#8220;bottom&#8220; shape_divider_height=&#8220;600&#8243; bg_image_animation=&#8220;none&#8220; shape_type=&#8220;curve_opacity&#8220;][vc_column column_padding=&#8220;no-extra-padding&#8220; column_padding_position=&#8220;all&#8220; background_color_opacity=&#8220;1&#8243; background_hover_color_opacity=&#8220;1&#8243; column_link_target=&#8220;_self&#8220; column_shadow=&#8220;none&#8220; column_border_radius=&#8220;none&#8220; width=&#8220;1\/1&#8243; tablet_width_inherit=&#8220;default&#8220; tablet_text_alignment=&#8220;default&#8220; phone_text_alignment=&#8220;default&#8220; column_border_width=&#8220;none&#8220; column_border_style=&#8220;solid&#8220; bg_image_animation=&#8220;none&#8220;]\r\n    <div class=\"col span_12 section-title text-align-center extra-padding\">\r\n\t\t<h2>\n<h2><span style=\"color: #ffffff;\">Datenschutz<\/span><\/h2>\n<\/h2><\/div><div class=\"clear\"><\/div>[\/vc_column][\/vc_row][vc_row type=&#8220;in_container&#8220; full_screen_row_position=&#8220;middle&#8220; scene_position=&#8220;center&#8220; text_color=&#8220;dark&#8220; text_align=&#8220;left&#8220; overlay_strength=&#8220;0.3&#8243; shape_divider_position=&#8220;bottom&#8220; bg_image_animation=&#8220;none&#8220;][vc_column column_padding=&#8220;padding-5-percent&#8220; column_padding_position=&#8220;all&#8220; background_color_opacity=&#8220;1&#8243; background_hover_color_opacity=&#8220;1&#8243; column_link_target=&#8220;_self&#8220; column_shadow=&#8220;none&#8220; column_border_radius=&#8220;none&#8220; width=&#8220;1\/1&#8243; tablet_width_inherit=&#8220;default&#8220; tablet_text_alignment=&#8220;default&#8220; phone_text_alignment=&#8220;default&#8220; column_border_width=&#8220;none&#8220; column_border_style=&#8220;solid&#8220; bg_image_animation=&#8220;none&#8220;][vc_column_text]Nachfolgend informieren wir Sie \u00fcber die Verarbeitung personenbezogener Daten durch unser Unternehmen.<\/p>\n<p><b>1. Allgemeine Informationen<br \/>\n<\/b><strong>1.1 Wichtige Begriffe<\/strong><br \/>\n<strong>Cookies:<\/strong> Textdateien, die der aufgerufene Webserver mittels des verwendeten Browsers auf dem Computer des Nutzers platziert. Die gespeicherten Cookie-Informationen k\u00f6nnen sowohl eine Kennung (Cookie-ID) enthalten, die zur Wiedererkennung dient, als auch inhaltliche Angaben wie Anmeldestatus oder Informationen \u00fcber besuchte Webseiten. Der Browser sendet die Cookie-Informationen bei sp\u00e4teren, neuen Besuchen dieser Seite mit jeder Anforderung wieder an den Webserver.<br \/>\n<strong>Drittl\u00e4nder:<\/strong> L\u00e4nder au\u00dferhalb der Europ\u00e4ischen Union (EU)<br \/>\n<strong>DSGVO:<\/strong> Verordnung (EU) 2016\/679 des Europ\u00e4ischen Parlaments und des Rates vom 27. April 2016 zum Schutz nat\u00fcrlicher Personen bei der Verarbeitung personenbezogener Daten, zum freien Datenverkehr und zur Aufhebung der Richtlinie 95\/46\/EG (Datenschutz-Grundverordnung).<br \/>\n<strong>Personenbezogene Daten:<\/strong> Alle Informationen, die sich auf eine identifizierte oder identifizierbare nat\u00fcrliche Person beziehen. Als identifizierbar wird eine nat\u00fcrliche Person angesehen, die direkt oder indirekt, insbesondere mittels Zuordnung zu einer Kennung wie einem Namen, zu einer Kennnummer, zu Standortdaten, zu einer Online-Kennung oder zu einem oder mehreren besonderen Merkmalen identifiziert werden kann, die Ausdruck der physischen, physiologischen, genetischen, psychischen, wirtschaftlichen, kulturellen oder sozialen Identit\u00e4t dieser nat\u00fcrlichen Person sind.<br \/>\n<strong>Pixel:<\/strong> Bei Pixeln handelt es sich um kleine, nicht sichtbare Grafiken in HTML-E-Mails oder auf Webseiten. Wird ein Dokument ge\u00f6ffnet, dann wird dieses kleine Bild von einem Server im Internet geladen, wobei das Herunterladen dort registriert wird. So kann der Betreiber des Servers sehen, ob und wann eine E-Mail ge\u00f6ffnet oder eine Webseite besucht wurde.<br \/>\n<strong>Profiling:<\/strong> Jede Art der automatisierten Verarbeitung personenbezogener Daten, die darin besteht, dass diese personenbezogenen Daten verwendet werden, um bestimmte pers\u00f6nliche Aspekte, die sich auf eine nat\u00fcrliche Person beziehen, zu bewerten, insbesondere um Aspekte bez\u00fcglich Arbeitsleistung, wirtschaftliche Lage, Gesundheit, pers\u00f6nliche Vorlieben, Interessen, Zuverl\u00e4ssigkeit, Verhalten, Aufenthaltsort oder Ortswechsel dieser nat\u00fcrlichen Person zu analysieren oder vorherzusagen.<br \/>\n<strong>Tracking:<\/strong> Die Sammlung von Daten und deren Auswertung bzgl. des Verhaltens von Besuchern auf unseren Services.<br \/>\n<strong>Tracking-Technologien:<\/strong> Tracking kann sowohl \u00fcber die auf unseren Webservern gespeicherten Aktivit\u00e4tsprotokolle (Logfiles) erfolgen als auch mittels Datenerhebung von Ihrem Endger\u00e4t \u00fcber Pixel, Cookies und \u00e4hnliche Tracking-Technologien.<br \/>\n<strong>Verarbeitung:<\/strong> Jeder mit oder ohne Hilfe automatisierter Verfahren ausgef\u00fchrten Vorgang oder jede solche Vorgangsreihe im Zusammenhang mit personenbezogenen Daten wie das Erheben, das Erfassen, die Organisation, das Ordnen, die Speicherung, die Anpassung oder Ver\u00e4nderung, das Auslesen, das Abfragen, die Verwendung, die Offenlegung durch \u00dcbermittlung, Verbreitung oder eine andere Form der Bereitstellung, den Abgleich oder die Verkn\u00fcpfung, die Einschr\u00e4nkung, das L\u00f6schen oder die Vernichtung.<\/p>\n<p><strong>1.2 Verantwortlicher<\/strong><br \/>\nVerantwortlicher f\u00fcr die Datenverarbeitung \u2013 also derjenige, der \u00fcber die Zwecke und Mittel der Verarbeitung von personenbezogenen Daten entscheidet \u2013 im Zusammenhang mit unserem Onlineangebot ist:<\/p>\n<p>peither AG, Karl-Theodor-Stra\u00dfe 7, 82140 Olching<br \/>\nTelefon: +49 8142 2847 914<br \/>\nE-Mail: m.peither@peitherag.de<\/p>\n<p><strong>1.3 Datenschutzbeauftragter<\/strong><br \/>\nKontakt zu unserem Datenschutzbeauftragten k\u00f6nnen Sie \u00fcber die unter 1.2 genannten Kontaktdaten, z. Hd. Abteilung Datenschutz, oder \u00fcber m.peither@peitherag.de aufnehmen.<\/p>\n<p>&nbsp;<\/p>\n<p><b>2. Die Datenverarbeitungen im Einzelnen<br \/>\n<\/b><strong>2.1 Allgemeines zu den Datenverarbeitungen<\/strong><br \/>\nF\u00fcr alle nachstehend dargestellten Verarbeitungen gilt, soweit nichts anderes angegeben wird:<\/p>\n<p><b>2.1.1 Keine Verpflichtung zur Bereitstellung &amp; Folgen der Nichtbereitstellung<\/b><br \/>\nDie Bereitstellung der personenbezogenen Daten ist nicht gesetzlich oder vertraglich vorgeschrieben und Sie sind nicht verpflichtet, Daten bereitzustellen. Wir informieren Sie im Rahmen des Eingabeprozesses, wenn die Bereitstellung personenbezogener Daten f\u00fcr den jeweiligen Service erforderlich ist (z.B. durch die Bezeichnung als \u201ePflichtfeld\u201c). Bei erforderlichen Daten hat die Nichtbereitstellung zur Folge, dass der betreffende Service nicht erbracht werden kann. Ansonsten hat die Nichtbereitstellung ggf. zur Folge, dass wir unsere Dienste nicht in gleicher Form und Qualit\u00e4t erbringen k\u00f6nnen.<\/p>\n<p><b>2.1.2 Einwilligung<\/b><br \/>\nIn verschiedenen F\u00e4llen haben Sie die M\u00f6glichkeit, uns im Zusammenhang mit den nachstehend dargestellten Verarbeitungen auch Ihre Einwilligung in weitergehende Verarbeitungen zu erteilen. In diesem Fall informieren wir Sie im Zusammenhang mit der Abgabe der jeweiligen Einwilligungserkl\u00e4rung gesondert \u00fcber alle Modalit\u00e4ten und die Reichweite der Einwilligung und \u00fcber die Zwecke, die wir mit diesen Verarbeitungen verfolgen.<\/p>\n<p><b>2.1.3 \u00dcbermittlung personenbezogener Daten an Drittl\u00e4nder<\/b><br \/>\nWenn wir Daten an Drittl\u00e4nder, d.h. L\u00e4nder au\u00dferhalb der Europ\u00e4ischen Union, \u00fcbermitteln, dann findet die \u00dcbermittlung ausschlie\u00dflich unter Einhaltung der gesetzlich geregelten Zul\u00e4ssigkeitsvoraussetzungen statt.<\/p>\n<p><b>2.1.4 Hosting bei externen Dienstleistern<\/b><br \/>\nUnsere Datenverarbeitung erfolgt in weitem Umfang unter Einschaltung des Hosting-Dienstleister, die uns Speicherplatz und Verarbeitungskapazit\u00e4ten in ihren Rechenzentren zur Verf\u00fcgung stellen und nach unserer Weisung auch personenbezogene Daten in unserem Auftrag verarbeiten. Es kann bei allen nachstehend genannten Funktionalit\u00e4ten geschehen, dass personenbezogene Daten an Hosting-Dienstleister \u00fcbermittelt werden.<\/p>\n<p><strong>2.1.5 Bezeichnungen von Datenkategorien<\/strong><br \/>\n\u2022 Personenstammdaten: Titel, Anrede, Vorname, Nachname<br \/>\n\u2022 Kontaktdaten: Telefonnummer, Telefaxnummer, E-Mail-Adresse<br \/>\n\u2022 Zugriffsdaten: Datum und Uhrzeit des Besuchs unseres Service; die Seite, von der das zugreifende System auf unsere Seite gelangt ist; bei der Nutzung aufgerufene Seiten; Daten zur Sitzungsidentifizierung (Session ID); IP-Adresse, Browsertyp und -version, Ger\u00e4tetyp, Betriebssystem<\/p>\n<p><strong>2.2 Aufrufen unserer Services<br \/>\n<\/strong>2.2.1 Zweckbestimmung der Datenverarbeitung, Rechtsgrundlage und Speicherdauer der personenbezogenen Daten beim Aufrufen unserer Website<br \/>\n<em>Datenkategorie:<\/em> Zugriffsdaten<br \/>\n<em>Zweckbestimmung:<\/em> Verbindungsaufbau, Darstellung der Inhalte, Entdeckung von Angriffen auf unsere Seite anhand ungew\u00f6hnlicher Aktivit\u00e4ten, Fehlerdiagnose<br \/>\n<em>Rechtsgrundlage:<\/em> Art. 6 Abs. 1 Buchst. f) DSGVO mit dem von uns verfolgtem berechtigten Interesse zur ordnungsgem\u00e4\u00dfe Funktion der Services, zur Sicherheit von Daten und Gesch\u00e4ftsprozessen, zur Verhinderung von Missbrauch und zur Verh\u00fctung von Sch\u00e4den durch Eingriffe in Informationssysteme<br \/>\n<em>Speicherdauer:<\/em> nicht anonymisiert 7 Tage; anonymisiert 6 Monate<\/p>\n<p>2.2.2 Empf\u00e4nger der personenbezogenen Daten<br \/>\n<em>Empf\u00e4ngerkategorie:<\/em> Externe Inhalteanbieter, die Inhalte (z.B. Bilder, Videos, Schriftarten, Updateinformationen, gek\u00fcrzte Links) bereitstellen sowie IT-Sicherheits-Dienstleister<br \/>\n<em>Betroffene Daten:<\/em> Zugriffsdaten<br \/>\n<em>Rechtsgrundlage:<\/em> Art. 6 Abs. 1 Buchst. f) DSGVO mit dem von uns verfolgtem berechtigten Interesse zur ordnungsgem\u00e4\u00dfe Funktion der Services und (beschleunigte) Darstellung der Inhalte sowie zur Verhinderung von Angriffen durch Ausnutzen von Sicherheitsl\u00fccken \/ Schwachstellen<\/p>\n<p><b>2.3. Kontaktanfragen<br \/>\n<\/b>Zweckbestimmung der Datenverarbeitung Ihrer personenbezogenen Daten, Rechtsgrundlage und Speicherdauer, wenn Sie sich mit Kontaktanfragen an uns wenden:<br \/>\n<em>Datenkategorie:<\/em> Personenstammdaten, Kontaktdaten und Inhalt der Anfrage<br \/>\n<em>Zweckbestimmung:<\/em> Bearbeitung von Kundenanfragen<br \/>\n<em>Rechtsgrundlage:<\/em> Art. 6 Abs. 1 Buchst. b) und f) DSGVO; von uns verfolgtes berechtigtes Interesse zur Kundenbindung und Kundenakquise<br \/>\n<em>Speicherdauer:<\/em> Bearbeitung der Anfrage<\/p>\n<p><strong>2.4. Tracking<\/strong><br \/>\nNachfolgend beschreiben wir, in welchen F\u00e4llen und wie bei der Nutzung unserer Webseite Ihre personenbezogenen Daten mithilfe von Tracking-Technologien verarbeitet werden.<\/p>\n<p>2.4.1 Welche Daten werden durch das Tracking verarbeitet?<br \/>\nDie dargestellten Trackingverfahren verarbeiten personenbezogene Daten nur in pseudonymer Form. Eine Verbindung mit einer konkreten, identifizierten nat\u00fcrlichen Person findet nicht statt. Direkt \u00fcbermittelten pseudonymen Informationen wie z.B. der Cookie-ID oder (ggf. gek\u00fcrzter) IP-Adresse werden beim Tracking weitere Informationen zugeordnet. Typischerweise handelt es sich dabei um technische Informationen des verwendeten Endger\u00e4ts, um Informationen \u00fcber Nutzungsverhalten im Internet, Interessen sowie ggf. Standortdaten.<\/p>\n<p>2.4.2 Wie k\u00f6nnen Sie dem Tracking widersprechen?<br \/>\nDie Beschreibung der Trackingverfahren beinhaltet auch Informationen dazu, wie Sie die Datenverarbeitung verhindern k\u00f6nnen. Bitte beachten Sie, dass dieses sog. \u201eOpt-out\u201c, also die Ablehnung der Verarbeitung, teilweise \u00fcber Cookies gespeichert wird. Wenn Sie unsere Services \u00fcber ein neues Endger\u00e4t oder in einem anderen Browser nutzen oder wenn Sie die von Ihrem Browser gesetzten Cookies gel\u00f6scht haben, m\u00fcssen Sie die Ablehnung eventuell erneut erkl\u00e4ren.<\/p>\n<p>2.4.3 Auf Basis welcher Rechtsgrundlage findet das Tracking statt?<br \/>\nDer Einsatz von Tracking-Technologien kann auf verschiedene Rechtsgrundlagen gest\u00fctzt werden, die wir im Folgenden beschreiben. Zu welchem konkreten Zweck und auf Basis welcher Rechtsgrundlage wir das Tracking durch einen bestimmten Dienst durchf\u00fchren, beschreiben wir in der darunter stehenden Auflistung.<br \/>\n<em>a. Rechtsgrundlage Vertrag, Art. 6 Abs. 1 b) DSGVO:<\/em><br \/>\nUm Services zur Verf\u00fcgung zu stellen, die im Zusammenhang mit einem Vertrag erbracht werden, erfolgt das Tracking und die damit verbundene Analyse des Nutzerverhaltens auf Basis der Rechtsgrundlage Art. 6 Abs. 1 b) DSGVO. Die durch dieses Tracking gewonnenen Informationen sind hierbei erforderlich, um entsprechend des vertraglichen Zwecks optimierte Services zur Verf\u00fcgung zu stellen und einen m\u00f6glichst gro\u00dfen Nutzen zu gew\u00e4hrleisten.<br \/>\n<em>b. Rechtsgrundlage Berechtigtes Interesse, Art. 6 Abs. 1 f) DSGVO:<\/em><br \/>\nUm m\u00f6glichst effizient attraktive Services zur Verf\u00fcgung zu stellen, verfolgen wir das berechtigte Interesse, durch Tracking gewonnene Informationen \u00fcber das Nutzerverhalten auf unseren Services zu analysieren. Das Tracking auf Basis der Rechtsgrundlage Art. 6 Abs. 1 f) DSGVO hilft uns dabei, die Effektivit\u00e4t unserer Services zu \u00fcberpr\u00fcfen, sie zu optimieren und an die Bed\u00fcrfnisse der Nutzer anzupassen sowie Fehler zu beheben und Kennwerte \u00fcber die Nutzung unserer Services (Reichweite, Nutzungsintensit\u00e4t, Surfverhalten der Nutzer) statistisch zu bestimmen und somit marktweit vergleichbare Werte zu erhalten. Jedoch verfolgen wir auf dieser Grundlage keine Zwecke, f\u00fcr die das Verhalten von betroffenen Personen im Internet nachvollziehbar gemacht oder Nutzerprofile erstellt werden m\u00fcssen.<br \/>\n<em>c. Rechtsgrundlage Einwilligung, Art. 6 Abs. 1 a) DSGVO:<\/em><br \/>\nUm Ihnen optimierte und m\u00f6glichst auf Ihre Interessen zugeschnittene Inhalte anzeigen zu k\u00f6nnen, f\u00fchren wir ggf. ein Tracking auf Basis Ihrer Einwilligung (Art. 6 Abs. 1 a) DSGVO) durch. Mit bestimmten fortgeschrittenen Methoden zur Analyse des Nutzerverhaltens wollen wir unsere Services optimieren und an die Bed\u00fcrfnisse der Nutzer anpassen. Hierf\u00fcr m\u00fcssen in vielen F\u00e4llen \u2013 wenn auch in pseudonymisierter Form, d.h. ohne Identifizierung eines konkreten Menschen \u2013 das Verhalten von betroffenen Personen im Internet nachvollziehbar gemacht oder Nutzerprofile erstellt werden.<\/p>\n<p>2.4.4 Eingesetzte Tracking-Technologien:<br \/>\n<em>Google Analytics<\/em><br \/>\n\u2022 Anbieter: Google Analytics ist ein Dienst der Google Ireland Limited, Gordon House, Barrow Street, Dublin 4, Irland<br \/>\n\u2022 Zweck des Trackings: Mit Google Analytics sammeln wir Informationen zum Nutzerverhalten, um die Nutzerfreundlichkeit der Webseite zu verbessern.<br \/>\n\u2022 Verarbeitung personenbezogener Daten: Es wird die IP-Adresse verarbeitet. Wir haben zudem auf unseren Services Google Analytics um den Code \u201eanonymizeIP\u201c erweitert. Dies garantiert die Maskierung (K\u00fcrzung der letzten acht Stellen) Ihrer IP-Adresse, sodass alle Daten anonym erhoben werden. Nur in Ausnahmef\u00e4llen wird die volle IP-Adresse an einen Server von Google in den USA \u00fcbertragen und dort gek\u00fcrzt.<br \/>\n\u2022 Speicherdauer: Die \u00fcbertragenen Daten werden nach 26 Monaten gel\u00f6scht. Die L\u00f6schung von Daten, deren Aufbewahrungsdauer erreicht ist, erfolgt automatisch einmal im Monat.<br \/>\n\u2022 Rechtsgrundlage: Berechtigtes Interesse (Art. 6 Abs. 1 f) DSGVO)<br \/>\n\u2022 M\u00f6glichkeit zur Unterbindung der Verarbeitung (Opt-out): Sie k\u00f6nnen die Verarbeitung Ihrer personenbezogenen durch Google verhindern, indem sie das unter dem folgenden Link verf\u00fcgbare Browser-Plugin herunterladen und installieren: <a href=\"https:\/\/tools.google.com\/dlpage\/gaoptout?hl=de\">https:\/\/tools.google.com\/dlpage\/gaoptout?hl=de<\/a><br \/>\n\u2022 Daten\u00fcbermittlung in Drittl\u00e4nder: USA.<br \/>\n\u2022 Angemessenheitsbeschluss (Art. 45 DSGVO): Durchf\u00fchrungsbeschluss (EU) 2016\/1250 der Kommission vom 12.07.2016 zum sog. \u201eEU-US Datenschutzschild\u201c (\u201ePrivacy Shield\u201c).<br \/>\n<em>Google Ads<\/em><br \/>\n\u2022 Anbieter: Google AdWords ist ein Dienst der Google Ireland Limited, Gordon House, Barrow Street, Dublin 4, Irland<br \/>\n\u2022 Zweck des Trackings: Der Dienst sammelt Informationen zum Nutzerverhalten f\u00fcr die Erfolgsmessung und Aussteuerung von Werbekampagnen sowie der Aussteuerung von personalisierter Werbung.<br \/>\n\u2022 Verarbeitung personenbezogener Daten: Es werden Cookie IDs und IP-Adressen verarbeitet.<br \/>\n\u2022 Speicherdauer: bis zu 540 Tage<br \/>\n\u2022 Rechtsgrundlage: Berechtigtes Interesse (Art. 6 Abs. 1 f) DSGVO)<br \/>\n\u2022 M\u00f6glichkeit zur Unterbindung der Verarbeitung (Opt-out): <a href=\"http:\/\/optout.networkadvertising.org\/?c=1#!%2F\">http:\/\/optout.networkadvertising.org\/?c=1#!%2F<\/a><br \/>\n\u2022 Daten\u00fcbermittlung in Drittl\u00e4nder: USA.<br \/>\n\u2022 Angemessenheitsbeschluss (Art. 45 DSGVO): Durchf\u00fchrungsbeschluss (EU) 2016\/1250 der Kommission vom 12.07.2016 zum sog. \u201eEU-US Datenschutzschild\u201c (\u201ePrivacy Shield\u201c)<\/p>\n<p>&nbsp;<\/p>\n<p><b>3. Betroffenenrechte<\/b><br \/>\n<strong>3.1 Widerspruchsrecht<\/strong><br \/>\nSie haben das Recht, aus Gr\u00fcnden, die sich aus Ihrer besonderen Situation ergeben, jederzeit mit Wirkung f\u00fcr die Zukunft gegen die Verarbeitung Sie betreffender personenbezogener Daten, die gem\u00e4\u00df Art. 6 Abs. 1 Buchst. e) oder f) DSGVO erfolgt, Widerspruch einzulegen.<\/p>\n<p><strong>3.2 Auskunftsrecht<\/strong><br \/>\nSie haben das Recht, von uns eine Best\u00e4tigung dar\u00fcber zu verlangen, ob Sie betreffende personenbezogene Daten verarbeitet werden, sowie ggf. auf Auskunft \u00fcber diese personenbezogenen Daten und die weiteren in Art. 15 DSGVO aufgef\u00fchrten Informationen.<\/p>\n<p><strong>3.3 Berichtigungsrecht<\/strong><br \/>\nSie haben das Recht, von uns unverz\u00fcglich die Berichtigung Sie betreffender unrichtiger personenbezogener Daten zu verlangen (Art. 16 DSG-VO). Unter Ber\u00fccksichtigung der Zwecke der Verarbeitung haben Sie das Recht, die Vervollst\u00e4ndigung unvollst\u00e4ndiger personenbezogener Daten \u2013 auch mittels einer erg\u00e4nzenden Erkl\u00e4rung \u2013 zu verlangen.<\/p>\n<p><strong>3.4 Recht auf L\u00f6schung<\/strong><br \/>\nSie haben das Recht, von uns zu verlangen, dass Sie betreffende personenbezogene Daten unverz\u00fcglich gel\u00f6scht werden, sofern einer der in Art. 17 Abs. 1 DSGVO genannten Gr\u00fcnde zutrifft und die Verarbeitung nicht f\u00fcr einen der in Art. 17 Abs. 3 DSGVO geregelten Zwecke erforderlich ist.<\/p>\n<p><strong>3.5 Recht auf Einschr\u00e4nkung der Verarbeitung<\/strong><br \/>\nSie sind berechtigt, eine Einschr\u00e4nkung bei der Verarbeitung Ihrer personenbezogenen Daten zu verlangen, wenn eine der in Art. 18 Abs. 1 Buchst. a) bis d) DSGVO geregelten Voraussetzungen gegeben ist.<\/p>\n<p><strong>3.6 Recht auf Daten\u00fcbertragbarkeit<\/strong><br \/>\nSie haben unter den in Art. 20 Abs. 1 DSGVO genannten Voraussetzungen das Recht, die Sie betreffenden personenbezogenen Daten, die Sie uns bereitgestellt haben, in einem strukturierten, g\u00e4ngigen und maschinenlesbaren Format zu erhalten, und das Recht, diese Daten einem anderen Verantwortlichen ohne Behinderung durch uns zu \u00fcbermitteln.<\/p>\n<p><strong>3.7 Widerrufsrecht bei Einwilligung<\/strong><br \/>\nSoweit die Verarbeitung auf Ihrer Einwilligung beruht, haben Sie das Recht, die Einwilligung jederzeit zu widerrufen. Die Rechtm\u00e4\u00dfigkeit, der aufgrund der Einwilligung bis zum Widerruf erfolgten Verarbeitung wird dadurch nicht ber\u00fchrt.<\/p>\n<p><strong>3.8 Beschwerderecht<\/strong><br \/>\nSie haben ein Beschwerderecht bei der f\u00fcr unser Unternehmen zust\u00e4ndigen Aufsichtsbeh\u00f6rde: Landesamt f\u00fcr Datenschutzaufsicht, Promenade 18, 91522 Ansbach, http:\/\/www.lda.bayern.de<\/p>\n<p>Stand: 28.04.2019[\/vc_column_text][\/vc_column][\/vc_row]\n","protected":false},"excerpt":{"rendered":"<p>[vc_row type=&#8220;in_container&#8220; full_screen_row_position=&#8220;middle&#8220; bg_color=&#8220;#158993&#8243; scene_position=&#8220;center&#8220; text_color=&#8220;dark&#8220; text_align=&#8220;left&#8220; top_padding=&#8220;8%&#8220; bottom_padding=&#8220;370&#8243; enable_gradient=&#8220;true&#8220; color_overlay=&#8220;#158993&#8243; color_overlay_2=&#8220;#757882&#8243; gradient_direction=&#8220;left_to_right&#8220; overlay_strength=&#8220;0.5&#8243; enable_shape_divider=&#8220;true&#8220; shape_divider_position=&#8220;bottom&#8220; shape_divider_height=&#8220;600&#8243; bg_image_animation=&#8220;none&#8220; shape_type=&#8220;curve_opacity&#8220;][vc_column column_padding=&#8220;no-extra-padding&#8220; column_padding_position=&#8220;all&#8220; background_color_opacity=&#8220;1&#8243; background_hover_color_opacity=&#8220;1&#8243; column_link_target=&#8220;_self&#8220; column_shadow=&#8220;none&#8220;&#8230;<\/p>\n","protected":false},"author":1,"featured_media":0,"parent":0,"menu_order":0,"comment_status":"closed","ping_status":"closed","template":"","meta":[],"yoast_head":"<!-- This site is optimized with the Yoast SEO plugin v15.9 - https:\/\/yoast.com\/wordpress\/plugins\/seo\/ -->\n<title>Datenschutz \u2013 die Datenschutzgrundverordnung setzen wir um<\/title>\n<meta name=\"description\" content=\"Ihre Rechte und unsere Pflichten nach der Datenschutzgrundverordnung - factory concept ein Service der peither AG\" \/>\n<meta name=\"robots\" content=\"index, follow, max-snippet:-1, max-image-preview:large, max-video-preview:-1\" \/>\n<link rel=\"canonical\" href=\"https:\/\/factoryconcept.de\/?page_id=6456\" \/>\n<meta property=\"og:locale\" content=\"de_DE\" \/>\n<meta property=\"og:type\" content=\"article\" \/>\n<meta property=\"og:title\" content=\"Datenschutz \u2013 die Datenschutzgrundverordnung setzen wir um\" \/>\n<meta property=\"og:description\" content=\"Ihre Rechte und unsere Pflichten nach der Datenschutzgrundverordnung - factory concept ein Service der peither AG\" \/>\n<meta property=\"og:url\" content=\"https:\/\/factoryconcept.de\/?page_id=6456\" \/>\n<meta property=\"og:site_name\" content=\"factoryconcept.de\" \/>\n<meta name=\"twitter:card\" content=\"summary_large_image\" \/>\n<meta name=\"twitter:label1\" content=\"Gesch\u00e4tzte Lesezeit\">\n\t<meta name=\"twitter:data1\" content=\"12\u00a0Minuten\">\n<script type=\"application\/ld+json\" class=\"yoast-schema-graph\">{\"@context\":\"https:\/\/schema.org\",\"@graph\":[{\"@type\":\"WebSite\",\"@id\":\"https:\/\/factoryconcept.de\/#website\",\"url\":\"https:\/\/factoryconcept.de\/\",\"name\":\"factoryconcept.de\",\"description\":\"Drawing your ideas into concepts!\",\"potentialAction\":[{\"@type\":\"SearchAction\",\"target\":\"https:\/\/factoryconcept.de\/?s={search_term_string}\",\"query-input\":\"required name=search_term_string\"}],\"inLanguage\":\"de\"},{\"@type\":\"WebPage\",\"@id\":\"https:\/\/factoryconcept.de\/?page_id=6456#webpage\",\"url\":\"https:\/\/factoryconcept.de\/?page_id=6456\",\"name\":\"Datenschutz \\u2013 die Datenschutzgrundverordnung setzen wir um\",\"isPartOf\":{\"@id\":\"https:\/\/factoryconcept.de\/#website\"},\"datePublished\":\"2019-04-23T13:11:16+00:00\",\"dateModified\":\"2019-04-23T13:11:16+00:00\",\"description\":\"Ihre Rechte und unsere Pflichten nach der Datenschutzgrundverordnung - factory concept ein Service der peither AG\",\"breadcrumb\":{\"@id\":\"https:\/\/factoryconcept.de\/?page_id=6456#breadcrumb\"},\"inLanguage\":\"de\",\"potentialAction\":[{\"@type\":\"ReadAction\",\"target\":[\"https:\/\/factoryconcept.de\/?page_id=6456\"]}]},{\"@type\":\"BreadcrumbList\",\"@id\":\"https:\/\/factoryconcept.de\/?page_id=6456#breadcrumb\",\"itemListElement\":[{\"@type\":\"ListItem\",\"position\":1,\"item\":{\"@type\":\"WebPage\",\"@id\":\"https:\/\/factoryconcept.de\/\",\"url\":\"https:\/\/factoryconcept.de\/\",\"name\":\"Startseite\"}},{\"@type\":\"ListItem\",\"position\":2,\"item\":{\"@type\":\"WebPage\",\"@id\":\"https:\/\/factoryconcept.de\/?page_id=6456\",\"url\":\"https:\/\/factoryconcept.de\/?page_id=6456\",\"name\":\"Datenschutz\"}}]}]}<\/script>\n<!-- \/ Yoast SEO plugin. -->","_links":{"self":[{"href":"https:\/\/factoryconcept.de\/index.php?rest_route=\/wp\/v2\/pages\/6456"}],"collection":[{"href":"https:\/\/factoryconcept.de\/index.php?rest_route=\/wp\/v2\/pages"}],"about":[{"href":"https:\/\/factoryconcept.de\/index.php?rest_route=\/wp\/v2\/types\/page"}],"author":[{"embeddable":true,"href":"https:\/\/factoryconcept.de\/index.php?rest_route=\/wp\/v2\/users\/1"}],"replies":[{"embeddable":true,"href":"https:\/\/factoryconcept.de\/index.php?rest_route=%2Fwp%2Fv2%2Fcomments&post=6456"}],"version-history":[{"count":0,"href":"https:\/\/factoryconcept.de\/index.php?rest_route=\/wp\/v2\/pages\/6456\/revisions"}],"wp:attachment":[{"href":"https:\/\/factoryconcept.de\/index.php?rest_route=%2Fwp%2Fv2%2Fmedia&parent=6456"}],"curies":[{"name":"wp","href":"https:\/\/api.w.org\/{rel}","templated":true}]}}